{"id":4955,"date":"2022-03-29T16:16:18","date_gmt":"2022-03-29T14:16:18","guid":{"rendered":"https:\/\/www.terradeire.com\/?page_id=4955"},"modified":"2024-04-04T09:38:52","modified_gmt":"2024-04-04T07:38:52","slug":"privacy","status":"publish","type":"page","link":"https:\/\/www.terradeire.com\/en\/privacy\/","title":{"rendered":"INFORMATIVA SUL TRATTAMENTO DEI DATI PERSONALI"},"content":{"rendered":"<p>La societ\u00e0 <strong>TERRA dei RE S.r.l.<\/strong>(nel seguito la &#8220;Societ\u00e0&#8221;), in qualit\u00e0 di titolare del trattamento desidera informarvi, ai sensi degli artt. 13 e 14 del Regolamento Europeo 679\/2016 (&#8220;Regolamento&#8221;) e del D.Lgs 196\/2003 e s.m.i. relativi alla protezione dei dati personali di quanto segue.<\/p>\n\n\n\n<h2 class=\"wp-block-heading\"><strong>1.DATI E TRATTAMENTI IN RELAZIONE ALLA CONSULTAZIONE DEL SITO INTERNET AZIENDALE<\/strong><\/h2>\n\n\n\n<h4 class=\"wp-block-heading\">1.1&nbsp;&nbsp;&nbsp;&nbsp;&nbsp; Tipologia di dati personali<\/h4>\n\n\n\n<p>I sistemi informatici e i programmi informatici utilizzati per il funzionamento del sito della TERRA dei RE S.r.l. raccolgono alcuni dati personali la cui trasmissione \u00e8 implicita nell&#8217;uso dei protocolli di comunicazione di Internet (es. indirizzi IP o nomi a dominio dei computer utilizzati dagli utenti che si connettono al sito, gli indirizzi URI &#8211; Uniform Resource Identifier- delle risorse richieste, orario della richiesta, metodo utilizzato nel sottoporre la richiesta al server, dimensione del file ottenuto in risposta, codice numerico circa lo stato della risposta resa dal server -buon fine, errore, ecc.- ed altri parametri relativi al sistema operativo e all&#8217;ambiente informatico dell&#8217;utente).<\/p>\n\n\n\n<p>Bench\u00e9 si tratti di informazioni che non sono raccolte per essere associate a interessati identificati, per loro natura potrebbero, attraverso elaborazioni ed associazioni con dati detenuti da terzi, consentire di identificare gli utenti.<\/p>\n\n\n\n<p>Tali dati sono utilizzati dalla TERRA dei RE S.r.l. al fine di:<\/p>\n\n\n\n<ol class=\"wp-block-list\" style=\"list-style-type:lower-alpha\">\n<li>ricavare informazioni statistiche non associate ad alcun dato identificativo dell&#8217;utente sull&#8217;uso del sito e per controllarne il corretto funzionamento. I dati potrebbero essere utilizzati per l&#8217;accertamento di responsabilit\u00e0 in caso di ipotetici reati informatici ai danni del Sito.<\/li>\n\n\n\n<li>dare esecuzione, ove richeisto, ad un contratto di acquisto<\/li>\n<\/ol>\n\n\n\n<h4 class=\"wp-block-heading\">1.2&nbsp;&nbsp;&nbsp;&nbsp;&nbsp; Natura del conferimento e modalit\u00e0 del trattamento<\/h4>\n\n\n\n<p>Per la sola consultazione del sito non \u00e8 richiesto alcun conferimento di dati personali da parte dell\u2019utente.<\/p>\n\n\n\n<p>I Suoi dati saranno quindi utilizzati al solo fine di dar seguito alla richiesta dell&#8217;utente e potranno essere comunicati a terzi solo nel caso in cui ci\u00f2 sia necessario a tal fine.<\/p>\n\n\n\n<p>Per il trattamento dei dati per tali finalit\u00e0 non occorre il Suo consenso poich\u00e9 il trattamento \u00e8 necessario all&#8217;esecuzione di misure precontrattuali adottate su Sua richiesta (art. 6, comma 1, lett. b) del Regolamento.<\/p>\n\n\n\n<p>Durante la consultazione del sito potranno essere utilizzati i cookies di sessione (che non vengono memorizzati in modo persistente sul computer dell\u2019utente) il cui uso \u00e8 strettamente limitato alla trasmissione di identificativi di sessione. I cookies di sessione utilizzati non consentono l\u2019acquisizione di dati personali identificativi dell\u2019utente.<\/p>\n\n\n\n<h4 class=\"wp-block-heading\">1.3&nbsp;&nbsp;&nbsp;&nbsp;&nbsp; Conservazione dei dati<\/h4>\n\n\n\n<p>I dati sono conservati per il tempo strettamente necessario a fornire all\u2019utente il servizio richiesto, salvi ulteriori obblighi di conservazione previsti dalla legge.<\/p>\n\n\n\n<h4 class=\"wp-block-heading\">1.4&nbsp;&nbsp;&nbsp;&nbsp;&nbsp; Comunicazione, diffusione e trasferimento dei dati<\/h4>\n\n\n\n<p>I Suoi dati non saranno diffusi, non saranno trasferiti a terzi e non saranno trasferiti fuoi dalla Unione Europea.<\/p>\n\n\n\n<h2 class=\"wp-block-heading\"><strong>2 DATI E TRATTAMENTI IN RELAZIONE ALLA esecuzione dei contratti<\/strong><\/h2>\n\n\n\n<h2 class=\"wp-block-heading\">2.1&nbsp;&nbsp;&nbsp;&nbsp;&nbsp; Tipologia di dati personali<\/h2>\n\n\n\n<p>I dati di carattere personale ricevuti in relazione alla esecuzione dei contratti, includendo in essi: i dati anagrafici, i numeri di telefono personali; gli indirizzi di posta elettronica; saranno trattati dalla Societ\u00e0, conformemente al Regolamento e alla normativa nazionale compresi eventuali provvedimenti emanati dall&#8217;Autorit\u00e0 di Controllo (Garante per la protezione dei dati personali) ove applicabile.<\/p>\n\n\n\n<h4 class=\"wp-block-heading\">2.2&nbsp;&nbsp;&nbsp;&nbsp;&nbsp; Finalit\u00e0 del trattamento<\/h4>\n\n\n\n<p>Il trattamento dei dati degli Interessati \u00e8 effettuato dalla Societ\u00e0 nello svolgimento delle sue attivit\u00e0 economiche e commerciali per finalit\u00e0 connesse all&#8217;eventuale selezione, instaurazione, gestione ed esecuzione di rapporti commerciali\/contrattuali (ivi incluso la gestione del rapporto pre-contrattuale e\/o l&#8217;inserimento nell\u2019albo clienti e fornitori della Societ\u00e0). In particolare, i dati saranno trattati per l\u2019assolvimento di obblighi di legge e regolamentari (es. obblighi fiscali e contabili, obblighi derivanti dalla disciplina dei contratti); la gestione amministrativa dei contratti, ivi inclusa la gestione dei pagamenti e delle fatture; il ricevimento dei beni e\/o servizi; la gestione dell\u2019eventuale contenzioso, la selezione in rapporto alle esigenze della Societ\u00e0, nonch\u00e9 per finalit\u00e0 di reportistica e controlli interni.<\/p>\n\n\n\n<p>Per il trattamento dei dati per le finalit\u00e0 sopra indicate non \u00e8 necessario acquisire un consenso specifico degli interessati in accordo a quanto previsto dagli artt. 6.1 b), c) ed f) del Regolamento 2016\/679.<\/p>\n\n\n\n<h4 class=\"wp-block-heading\">2.3&nbsp;&nbsp;&nbsp;&nbsp;&nbsp; Natura del conferimento e modalit\u00e0 del trattamento<\/h4>\n\n\n\n<p>Ove il conferimento dei dati personali \u00e8 necessario, in mancanza degli stessi, non sar\u00e0 possibile instaurare alcuna relazione commerciale, eseguire correttamente obbligazioni pre-contrattuali e contrattuali o, ove gi\u00e0 instaurata una relazione contrattuale, adempiere agli obblighi e impegni derivanti da tale contratto.<\/p>\n\n\n\n<p>I dati saranno trattati direttamente dalla Societ\u00e0 e da soggetti terzi da essa incaricati principalmente con sistemi elettronici e manuali secondo i principi di correttezza, lealt\u00e0 e trasparenza previsti dalla normativa applicabile in materia di protezione dei dati personali e tutelando la riservatezza del soggetto cui i dati si riferiscono tramite misure di sicurezza tecniche ed organizzative per garantire un livello di sicurezza adeguato (ad esempio impedendo l&#8217;accesso a soggetti non autorizzati salvo i casi obbligatori per legge, o la capacit\u00e0 di ripristinare l&#8217;accesso ai dati in caso di incidenti fisici o tecnici).<\/p>\n\n\n\n<p>La Societ\u00e0 non svolge alcuna forma di trattamento automatizzato di dati personali per valutare determinati aspetti personali (\u201cProfilazione\u201d), in particolare per analizzare o prevedere aspetti riguardanti la situazione economica, la salute, le preferenze personali, gli interessi, l&#8217;affidabilit\u00e0, il comportamento, l&#8217;ubicazione o gli spostamenti di detta persona fisica.<\/p>\n\n\n\n<h4 class=\"wp-block-heading\">2.4&nbsp;&nbsp;&nbsp;&nbsp;&nbsp; Conservazione dei dati<\/h4>\n\n\n\n<p>I dati saranno conservati nel rispetto della normativa applicabile per la protezione dei dati personali per tutto il periodo di tempo necessario per adempiere alle finalit\u00e0 sopra indicate. In caso di relazione contrattuale i dati personali funzionali all&#8217;assolvimento degli obblighi civili e fiscali saranno conservati per tutta la durata del rapporto contrattuale e in ottemperanza a detti obblighi (ad esempio obbligo civilistico di conservare le fatture e la documentazione aziendale per almeno 10 anni).<\/p>\n\n\n\n<h4 class=\"wp-block-heading\">2.5&nbsp;&nbsp;&nbsp;&nbsp;&nbsp; Comunicazione, diffusione e trasferimento dei dati<\/h4>\n\n\n\n<p>Fermo restando le comunicazioni eseguite in adempimento degli obblighi di legge e contrattuali, i dati potranno essere comunicati a consulenti fiscali o legali, collaboratori della Societ\u00e0, enti e amministrazioni pubbliche, nonch\u00e9 a soggetti legittimati per legge a ricevere tali informazioni, autorit\u00e0 giudiziarie italiane e straniere e altre pubbliche autorit\u00e0, per le finalit\u00e0 connesse all&#8217;adempimento di obblighi legali, o per l&#8217;espletamento delle obbligazioni assunte e scaturenti dalla relazione contrattuale, compreso per esigenza di difesa in giudizio.<\/p>\n\n\n\n<p>I dati di contatto potrebbero essere comunicati per esigenze del tutto occasionali e singole a clienti e\/o fornitori della Societ\u00e0, ad esempio qualora debbano collaborare con tali soggetti ai fini della prestazione dei servizi e degli adempimenti contrattuali. I dati saranno inoltre trattati dal personale incaricato dell\u2019amministrazione della Societ\u00e0.<\/p>\n\n\n\n<p>La Societ\u00e0 si avvale anche di altre societ\u00e0 del gruppo e di soggetti terzi per la prestazione di alcuni servizi che comportano il trattamento dei dati personali per tutti i servizi legali, contabili e gestione dei processi valutativi e sicurezza sul luogo del lavoro, per la gestione dei sistemi informativi. I dati potranno essere comunicati ad altre societ\u00e0 del gruppo, ove necessario ai fini del coordinamento e di controllo di gruppo. Tali soggetti operano sulla base di istruzioni specifiche e adeguate in termini di modalit\u00e0 di trattamento e misure di sicurezza indicate in apposita documentazione contrattuale.<\/p>\n\n\n\n<p>I dati personali non saranno oggetto di diffusione e non sono generalmente trasferiti fuori dall&#8217;Unione Europea; tuttavia, ove per specifiche esigenze (es. eventualmente connesse alla sede di localizzazione dei server della Societ\u00e0) fosse necessario trasferire i dati verso paesi situati fuori dallo Spazio Economico Europeo, anche in Paesi che non offrono protezione adeguata, la Societ\u00e0 si impegna a garantire livelli di tutela e salvaguardia anche di carattere contrattuale adeguati secondo le norme applicabili, ivi inclusa la stipulazione di clausole contrattuali tipo (si potr\u00e0 richiedere copia degli impegni assunti dai terzi nel contesto di tali clausole mediante richiesta da inviarsi al Responsabile del Trattamento a mezzo mail all\u2019indirizzo terradeire@terradeire.com).<\/p>\n\n\n\n<p>L&#8217;elenco dei Paesi situati fuori dallo Spazio Economico Europeo dove sono trasferiti i dati \u00e8 disponibile su richiesta all\u2019azienda, contattandola via email all\u2019indirizzo terradeire@terradeire.com<\/p>\n\n\n\n<h2 class=\"wp-block-heading\"><strong>3&nbsp;&nbsp;&nbsp;&nbsp;&nbsp; Diritti degli interessati<\/strong><\/h2>\n\n\n\n<p>L&#8217;Interessato potr\u00e0 esercitare, in relazione al trattamento dei dati ivi descritto, i diritti previsti dal Regolamento (artt. 15-21), ivi inclusi:<\/p>\n\n\n\n<ul class=\"wp-block-list\">\n<li>ricevere conferma dell\u2019esistenza dei suoi dati personali e accedere al loro contenuto (diritti di accesso);<\/li>\n\n\n\n<li>aggiornare, modificare e\/o correggere i suoi dati personali (diritto di rettifica);<\/li>\n\n\n\n<li>chiederne la cancellazione o la limitazione del trattamento dei dati trattati in violazione di legge compresi quelli di cui non \u00e8 necessaria la conservazione in relazione agli scopi per i quali i dati sono stati raccolti o altrimenti trattati (diritto all&#8217;oblio e diritto alla limitazione);<\/li>\n\n\n\n<li>opporsi al trattamento (diritto di opposizione);<\/li>\n\n\n\n<li>revocare il consenso, ove prestato, senza pregiudizio per la liceit\u00e0 del trattamento basata sul consenso prestato prima della revoca;<\/li>\n\n\n\n<li>proporre reclamo all&#8217;Autorit\u00e0 di controllo in caso di violazione della disciplina in materia di protezione dei dati personali;<\/li>\n\n\n\n<li>ricevere copia dei dati in formato elettronico che lo riguardano resi nel contesto del contratto e chiedere che tali dati siano trasmessi ad un altro titolare del trattamento (diritto alla portabilit\u00e0 dei dati).<\/li>\n\n\n\n<li>ricevere informazioni relativamente all\u2019eventuale uso dei dati per finalit\u00e0 diverse da quelle descritte nella presente informativa.<\/li>\n<\/ul>\n\n\n\n<p>Per esercitare tali diritti pu\u00f2 rivolgersi al Titolare del Trattamento inviando un\u2019e-mail all\u2019indirizzo: terradeire@terradeire.com<\/p>\n\n\n\n<h2 class=\"wp-block-heading\"><strong>4&nbsp;&nbsp;&nbsp;&nbsp;&nbsp; Identit\u00e0 e dati di contatto del Titolare del trattamento<\/strong><\/h2>\n\n\n\n<p>Titolare del Trattamento dei dati personali per la TERRA dei RE S.r.l., con sede in Rionero in Vulture (PZ), in Via Monticchio S.S. 167 km 2,7, \u00e8 il suo legale rappresentante sig. Claudio Roberto Rabasco.<\/p>","protected":false},"excerpt":{"rendered":"<p>La societ\u00e0 TERRA dei RE S.r.l.(nel seguito la &#8220;Societ\u00e0&#8221;), in qualit\u00e0 di titolare del trattamento desidera informarvi, ai sensi degli artt. 13 e 14 del Regolamento Europeo 679\/2016 (&#8220;Regolamento&#8221;) e del D.Lgs 196\/2003 e s.m.i. relativi alla protezione dei dati personali di quanto segue. 1.DATI E TRATTAMENTI IN RELAZIONE ALLA CONSULTAZIONE DEL SITO INTERNET AZIENDALE 1.1&nbsp;&nbsp;&nbsp;&nbsp;&nbsp; Tipologia di dati personali I sistemi informatici e i programmi informatici utilizzati per il funzionamento del sito della [&hellip;]<\/p>","protected":false},"author":2,"featured_media":4478,"parent":0,"menu_order":0,"comment_status":"closed","ping_status":"closed","template":"","meta":{"footnotes":""},"class_list":["post-4955","page","type-page","status-publish","has-post-thumbnail","hentry"],"_links":{"self":[{"href":"https:\/\/www.terradeire.com\/en\/wp-json\/wp\/v2\/pages\/4955","targetHints":{"allow":["GET"]}}],"collection":[{"href":"https:\/\/www.terradeire.com\/en\/wp-json\/wp\/v2\/pages"}],"about":[{"href":"https:\/\/www.terradeire.com\/en\/wp-json\/wp\/v2\/types\/page"}],"author":[{"embeddable":true,"href":"https:\/\/www.terradeire.com\/en\/wp-json\/wp\/v2\/users\/2"}],"replies":[{"embeddable":true,"href":"https:\/\/www.terradeire.com\/en\/wp-json\/wp\/v2\/comments?post=4955"}],"version-history":[{"count":4,"href":"https:\/\/www.terradeire.com\/en\/wp-json\/wp\/v2\/pages\/4955\/revisions"}],"predecessor-version":[{"id":5456,"href":"https:\/\/www.terradeire.com\/en\/wp-json\/wp\/v2\/pages\/4955\/revisions\/5456"}],"wp:featuredmedia":[{"embeddable":true,"href":"https:\/\/www.terradeire.com\/en\/wp-json\/wp\/v2\/media\/4478"}],"wp:attachment":[{"href":"https:\/\/www.terradeire.com\/en\/wp-json\/wp\/v2\/media?parent=4955"}],"curies":[{"name":"wp","href":"https:\/\/api.w.org\/{rel}","templated":true}]}}

<p>La società <strong>TERRA dei RE S.r.l.</strong>(nel seguito la &#8220;Società&#8221;), in qualità di titolare del trattamento desidera informarvi, ai sensi degli artt. 13 e 14 del Regolamento Europeo 679/2016 (&#8220;Regolamento&#8221;) e del D.Lgs 196/2003 e s.m.i. relativi alla protezione dei dati personali di quanto segue.</p>



<h2 class="wp-block-heading"><strong>1.DATI E TRATTAMENTI IN RELAZIONE ALLA CONSULTAZIONE DEL SITO INTERNET AZIENDALE</strong></h2>



<h4 class="wp-block-heading">1.1&nbsp;&nbsp;&nbsp;&nbsp;&nbsp; Tipologia di dati personali</h4>



<p>I sistemi informatici e i programmi informatici utilizzati per il funzionamento del sito della TERRA dei RE S.r.l. raccolgono alcuni dati personali la cui trasmissione è implicita nell&#8217;uso dei protocolli di comunicazione di Internet (es. indirizzi IP o nomi a dominio dei computer utilizzati dagli utenti che si connettono al sito, gli indirizzi URI &#8211; Uniform Resource Identifier- delle risorse richieste, orario della richiesta, metodo utilizzato nel sottoporre la richiesta al server, dimensione del file ottenuto in risposta, codice numerico circa lo stato della risposta resa dal server -buon fine, errore, ecc.- ed altri parametri relativi al sistema operativo e all&#8217;ambiente informatico dell&#8217;utente).</p>



<p>Benché si tratti di informazioni che non sono raccolte per essere associate a interessati identificati, per loro natura potrebbero, attraverso elaborazioni ed associazioni con dati detenuti da terzi, consentire di identificare gli utenti.</p>



<p>Tali dati sono utilizzati dalla TERRA dei RE S.r.l. al fine di:</p>



<ol class="wp-block-list" style="list-style-type:lower-alpha">
<li>ricavare informazioni statistiche non associate ad alcun dato identificativo dell&#8217;utente sull&#8217;uso del sito e per controllarne il corretto funzionamento. I dati potrebbero essere utilizzati per l&#8217;accertamento di responsabilità in caso di ipotetici reati informatici ai danni del Sito.</li>



<li>dare esecuzione, ove richeisto, ad un contratto di acquisto</li>
</ol>



<h4 class="wp-block-heading">1.2&nbsp;&nbsp;&nbsp;&nbsp;&nbsp; Natura del conferimento e modalità del trattamento</h4>



<p>Per la sola consultazione del sito non è richiesto alcun conferimento di dati personali da parte dell’utente.</p>



<p>I Suoi dati saranno quindi utilizzati al solo fine di dar seguito alla richiesta dell&#8217;utente e potranno essere comunicati a terzi solo nel caso in cui ciò sia necessario a tal fine.</p>



<p>Per il trattamento dei dati per tali finalità non occorre il Suo consenso poiché il trattamento è necessario all&#8217;esecuzione di misure precontrattuali adottate su Sua richiesta (art. 6, comma 1, lett. b) del Regolamento.</p>



<p>Durante la consultazione del sito potranno essere utilizzati i cookies di sessione (che non vengono memorizzati in modo persistente sul computer dell’utente) il cui uso è strettamente limitato alla trasmissione di identificativi di sessione. I cookies di sessione utilizzati non consentono l’acquisizione di dati personali identificativi dell’utente.</p>



<h4 class="wp-block-heading">1.3&nbsp;&nbsp;&nbsp;&nbsp;&nbsp; Conservazione dei dati</h4>



<p>I dati sono conservati per il tempo strettamente necessario a fornire all’utente il servizio richiesto, salvi ulteriori obblighi di conservazione previsti dalla legge.</p>



<h4 class="wp-block-heading">1.4&nbsp;&nbsp;&nbsp;&nbsp;&nbsp; Comunicazione, diffusione e trasferimento dei dati</h4>



<p>I Suoi dati non saranno diffusi, non saranno trasferiti a terzi e non saranno trasferiti fuoi dalla Unione Europea.</p>



<h2 class="wp-block-heading"><strong>2 DATI E TRATTAMENTI IN RELAZIONE ALLA esecuzione dei contratti</strong></h2>



<h2 class="wp-block-heading">2.1&nbsp;&nbsp;&nbsp;&nbsp;&nbsp; Tipologia di dati personali</h2>



<p>I dati di carattere personale ricevuti in relazione alla esecuzione dei contratti, includendo in essi: i dati anagrafici, i numeri di telefono personali; gli indirizzi di posta elettronica; saranno trattati dalla Società, conformemente al Regolamento e alla normativa nazionale compresi eventuali provvedimenti emanati dall&#8217;Autorità di Controllo (Garante per la protezione dei dati personali) ove applicabile.</p>



<h4 class="wp-block-heading">2.2&nbsp;&nbsp;&nbsp;&nbsp;&nbsp; Finalità del trattamento</h4>



<p>Il trattamento dei dati degli Interessati è effettuato dalla Società nello svolgimento delle sue attività economiche e commerciali per finalità connesse all&#8217;eventuale selezione, instaurazione, gestione ed esecuzione di rapporti commerciali/contrattuali (ivi incluso la gestione del rapporto pre-contrattuale e/o l&#8217;inserimento nell’albo clienti e fornitori della Società). In particolare, i dati saranno trattati per l’assolvimento di obblighi di legge e regolamentari (es. obblighi fiscali e contabili, obblighi derivanti dalla disciplina dei contratti); la gestione amministrativa dei contratti, ivi inclusa la gestione dei pagamenti e delle fatture; il ricevimento dei beni e/o servizi; la gestione dell’eventuale contenzioso, la selezione in rapporto alle esigenze della Società, nonché per finalità di reportistica e controlli interni.</p>



<p>Per il trattamento dei dati per le finalità sopra indicate non è necessario acquisire un consenso specifico degli interessati in accordo a quanto previsto dagli artt. 6.1 b), c) ed f) del Regolamento 2016/679.</p>



<h4 class="wp-block-heading">2.3&nbsp;&nbsp;&nbsp;&nbsp;&nbsp; Natura del conferimento e modalità del trattamento</h4>



<p>Ove il conferimento dei dati personali è necessario, in mancanza degli stessi, non sarà possibile instaurare alcuna relazione commerciale, eseguire correttamente obbligazioni pre-contrattuali e contrattuali o, ove già instaurata una relazione contrattuale, adempiere agli obblighi e impegni derivanti da tale contratto.</p>



<p>I dati saranno trattati direttamente dalla Società e da soggetti terzi da essa incaricati principalmente con sistemi elettronici e manuali secondo i principi di correttezza, lealtà e trasparenza previsti dalla normativa applicabile in materia di protezione dei dati personali e tutelando la riservatezza del soggetto cui i dati si riferiscono tramite misure di sicurezza tecniche ed organizzative per garantire un livello di sicurezza adeguato (ad esempio impedendo l&#8217;accesso a soggetti non autorizzati salvo i casi obbligatori per legge, o la capacità di ripristinare l&#8217;accesso ai dati in caso di incidenti fisici o tecnici).</p>



<p>La Società non svolge alcuna forma di trattamento automatizzato di dati personali per valutare determinati aspetti personali (“Profilazione”), in particolare per analizzare o prevedere aspetti riguardanti la situazione economica, la salute, le preferenze personali, gli interessi, l&#8217;affidabilità, il comportamento, l&#8217;ubicazione o gli spostamenti di detta persona fisica.</p>



<h4 class="wp-block-heading">2.4&nbsp;&nbsp;&nbsp;&nbsp;&nbsp; Conservazione dei dati</h4>



<p>I dati saranno conservati nel rispetto della normativa applicabile per la protezione dei dati personali per tutto il periodo di tempo necessario per adempiere alle finalità sopra indicate. In caso di relazione contrattuale i dati personali funzionali all&#8217;assolvimento degli obblighi civili e fiscali saranno conservati per tutta la durata del rapporto contrattuale e in ottemperanza a detti obblighi (ad esempio obbligo civilistico di conservare le fatture e la documentazione aziendale per almeno 10 anni).</p>



<h4 class="wp-block-heading">2.5&nbsp;&nbsp;&nbsp;&nbsp;&nbsp; Comunicazione, diffusione e trasferimento dei dati</h4>



<p>Fermo restando le comunicazioni eseguite in adempimento degli obblighi di legge e contrattuali, i dati potranno essere comunicati a consulenti fiscali o legali, collaboratori della Società, enti e amministrazioni pubbliche, nonché a soggetti legittimati per legge a ricevere tali informazioni, autorità giudiziarie italiane e straniere e altre pubbliche autorità, per le finalità connesse all&#8217;adempimento di obblighi legali, o per l&#8217;espletamento delle obbligazioni assunte e scaturenti dalla relazione contrattuale, compreso per esigenza di difesa in giudizio.</p>



<p>I dati di contatto potrebbero essere comunicati per esigenze del tutto occasionali e singole a clienti e/o fornitori della Società, ad esempio qualora debbano collaborare con tali soggetti ai fini della prestazione dei servizi e degli adempimenti contrattuali. I dati saranno inoltre trattati dal personale incaricato dell’amministrazione della Società.</p>



<p>La Società si avvale anche di altre società del gruppo e di soggetti terzi per la prestazione di alcuni servizi che comportano il trattamento dei dati personali per tutti i servizi legali, contabili e gestione dei processi valutativi e sicurezza sul luogo del lavoro, per la gestione dei sistemi informativi. I dati potranno essere comunicati ad altre società del gruppo, ove necessario ai fini del coordinamento e di controllo di gruppo. Tali soggetti operano sulla base di istruzioni specifiche e adeguate in termini di modalità di trattamento e misure di sicurezza indicate in apposita documentazione contrattuale.</p>



<p>I dati personali non saranno oggetto di diffusione e non sono generalmente trasferiti fuori dall&#8217;Unione Europea; tuttavia, ove per specifiche esigenze (es. eventualmente connesse alla sede di localizzazione dei server della Società) fosse necessario trasferire i dati verso paesi situati fuori dallo Spazio Economico Europeo, anche in Paesi che non offrono protezione adeguata, la Società si impegna a garantire livelli di tutela e salvaguardia anche di carattere contrattuale adeguati secondo le norme applicabili, ivi inclusa la stipulazione di clausole contrattuali tipo (si potrà richiedere copia degli impegni assunti dai terzi nel contesto di tali clausole mediante richiesta da inviarsi al Responsabile del Trattamento a mezzo mail all’indirizzo terradeire@terradeire.com).</p>



<p>L&#8217;elenco dei Paesi situati fuori dallo Spazio Economico Europeo dove sono trasferiti i dati è disponibile su richiesta all’azienda, contattandola via email all’indirizzo terradeire@terradeire.com</p>



<h2 class="wp-block-heading"><strong>3&nbsp;&nbsp;&nbsp;&nbsp;&nbsp; Diritti degli interessati</strong></h2>



<p>L&#8217;Interessato potrà esercitare, in relazione al trattamento dei dati ivi descritto, i diritti previsti dal Regolamento (artt. 15-21), ivi inclusi:</p>



<ul class="wp-block-list">
<li>ricevere conferma dell’esistenza dei suoi dati personali e accedere al loro contenuto (diritti di accesso);</li>



<li>aggiornare, modificare e/o correggere i suoi dati personali (diritto di rettifica);</li>



<li>chiederne la cancellazione o la limitazione del trattamento dei dati trattati in violazione di legge compresi quelli di cui non è necessaria la conservazione in relazione agli scopi per i quali i dati sono stati raccolti o altrimenti trattati (diritto all&#8217;oblio e diritto alla limitazione);</li>



<li>opporsi al trattamento (diritto di opposizione);</li>



<li>revocare il consenso, ove prestato, senza pregiudizio per la liceità del trattamento basata sul consenso prestato prima della revoca;</li>



<li>proporre reclamo all&#8217;Autorità di controllo in caso di violazione della disciplina in materia di protezione dei dati personali;</li>



<li>ricevere copia dei dati in formato elettronico che lo riguardano resi nel contesto del contratto e chiedere che tali dati siano trasmessi ad un altro titolare del trattamento (diritto alla portabilità dei dati).</li>



<li>ricevere informazioni relativamente all’eventuale uso dei dati per finalità diverse da quelle descritte nella presente informativa.</li>
</ul>



<p>Per esercitare tali diritti può rivolgersi al Titolare del Trattamento inviando un’e-mail all’indirizzo: terradeire@terradeire.com</p>



<h2 class="wp-block-heading"><strong>4&nbsp;&nbsp;&nbsp;&nbsp;&nbsp; Identità e dati di contatto del Titolare del trattamento</strong></h2>



<p>Titolare del Trattamento dei dati personali per la TERRA dei RE S.r.l., con sede in Rionero in Vulture (PZ), in Via Monticchio S.S. 167 km 2,7, è il suo legale rappresentante sig. Claudio Roberto Rabasco.</p>

<p>La società TERRA dei RE S.r.l.(nel seguito la &#8220;Società&#8221;), in qualità di titolare del trattamento desidera informarvi, ai sensi degli artt. 13 e 14 del Regolamento Europeo 679/2016 (&#8220;Regolamento&#8221;) e del D.Lgs 196/2003 e s.m.i. relativi alla protezione dei dati personali di quanto segue. 1.DATI E TRATTAMENTI IN RELAZIONE ALLA CONSULTAZIONE DEL SITO INTERNET AZIENDALE 1.1&nbsp;&nbsp;&nbsp;&nbsp;&nbsp; Tipologia di dati personali I sistemi informatici e i programmi informatici utilizzati per il funzionamento del sito della [&hellip;]</p>
